 1054?
True
Is 11 a factor of 682825?
True
Does 14 divide 2158355?
False
Does 23 divide 764934?
True
Is 1456785 a multiple of 45?
True
Does 36 divide 277200?
True
Is 24379 a multiple of 13?
False
Is 46 a factor of 117438?
True
Is 86 a factor of 697735?
False
Does 11 divide 515306?
True
Is 1570555 a multiple of 205?
False
Is 54837 a multiple of 56?
False
Is 161 a factor of 916412?
True
Is 137460 a multiple of 15?
True
Is 9882 a multiple of 9?
True
Is 9463899 a multiple of 98?
False
Is 9744227 a multiple of 13?
False
Does 43 divide 340474?
True
Is 3298054 a multiple of 668?
False
Is 109928 a multiple of 302?
True
Is 4 a factor of 384984?
True
Does 18 divide 4053816?
True
Does 21 divide 1969737?
True
Is 16 a factor of 834819?
False
Is 3391905 a multiple of 337?
True
Is 118 a factor of 117192?
False
Does 9 divide 662792?
False
Is 4 a factor of 60748?
True
Is 5 a factor of 3586134?
False
Is 237753 a multiple of 237?
False
Does 498 divide 10772468?
False
Is 17 a factor of 125686?
False
Is 1181210 a multiple of 41?
True
Is 1556 a multiple of 256?
False
Is 9932747 a multiple of 320?
False
Does 186 divide 802404?
True
Is 115 a factor of 10697185?
True
Does 110 divide 20179500?
True
Is 868661 a multiple of 349?
True
Does 583 divide 346885?
True
Is 297 a factor of 76284?
False
Is 149 a factor of 2720442?
True
Is 23330 even?
True
Is 80 a factor of 107705?
False
Does 13 divide 14333?
False
Is 264568 a multiple of 55?
False
Is 1235 a factor of 15788517?
False
Does 401 divide 1575928?
False
Is 20 a factor of 162934?
False
Is 13 a factor of 105660?
False
Is 2481616 a multiple of 688?
True
Does 266 divide 2922808?
True
Is 113014 a multiple of 11?
True
Is 6764604 a multiple of 12?
True
Is 42 a factor of 228064?
False
Does 257 divide 1901029?
True
Does 106 divide 1575096?
False
Is 458 a factor of 765776?
True
Is 2031386 a multiple of 574?
True
Is 11175524 a multiple of 1568?
False
Is 875649 a multiple of 72?
False
Does 11 divide 14511145?
True
Is 18418302 a multiple of 2667?
True
Does 60 divide 719580?
True
Is 22165 a multiple of 65?
True
Is 174 a factor of 6655244?
False
Does 26 divide 217750?
True
Is 228 a factor of 283855?
False
Does 397 divide 1344759?
False
Does 58 divide 1592484?
False
Is 291935 a multiple of 19?
True
Is 2875921 a multiple of 41?
False
Is 143442 a multiple of 234?
True
Is 220 a factor of 7513417?
False
Does 167 divide 102204?
True
Is 109 a factor of 255932?
True
Is 640555 a multiple of 17?
False
Is 1720188 a multiple of 16?
False
Is 19 a factor of 373426?
True
Does 25 divide 1718179?
False
Is 5 a factor of 1859775?
True
Does 693 divide 1194824?
False
Is 624 a factor of 1109229?
False
Is 56 a factor of 2580200?
True
Does 7 divide 1474159?
False
Is 86064 a multiple of 978?
True
Does 2 divide 11223?
False
Does 48 divide 1313594?
False
Does 11 divide 2053613?
False
Is 91399 a multiple of 42?
False
Does 22 divide 18368504?
True
Is 29 a factor of 11030991?
True
Is 11 a factor of 7948466?
False
Does 92 divide 442244?
True
Is 692910 a multiple of 30?
True
Is 18 a factor of 33743?
False
Is 1760800 a multiple of 400?
True
Is 25576 a multiple of 184?
True
Does 7 divide 3616141?
False
Is 643 a factor of 32793?
True
Is 53120 a multiple of 8?
True
Does 73 divide 1557236?
True
Is 53 a factor of 234154?
True
Is 440 a factor of 266640?
True
Does 13 divide 6662682?
True
Is 646674 a multiple of 534?
True
Does 1121 divide 4592737?
True
Does 394 divide 913292?
True
Is 239713 a multiple of 17?
False
Does 883 divide 5790157?
False
Does 1877 divide 6989948?
True
Does 11 divide 179025?
True
Is 2490136 a multiple of 22?
True
Is 12 a factor of 2302023?
False
Is 965 a factor of 3144781?
False
Does 203 divide 132415?
False
Is 75 a factor of 975975?
True
Does 14 divide 12220893?
False
Is 29 a factor of 5499067?
True
Does 13 divide 2621?
False
Is 8985660 a multiple of 31?
True
Is 100000 a multiple of 100?
True
Does 1542 divide 9346062?
True
Does 70 divide 274470?
True
Does 37 divide 764494?
True
Does 99 divide 13057?
False
Is 439192 a multiple of 103?
True
Is 1120716 a multiple of 9?
True
Does 201 divide 3324277?
False
Is 2001315 a multiple of 303?
True
Is 152820 a multiple of 30?
True
Is 670702 a multiple of 7?
False
Does 12 divide 968833?
False
Does 88 divide 878064?
True
Does 100 divide 93197?
False
Does 113 divide 3175288?
False
Is 211 a factor of 702630?
True
Does 12 divide 717409?
False
Is 1043100 a multiple of 15?
True
Does 26 divide 333138?
True
Does 12 divide 7792884?
True
Is 420548 a multiple of 4?
True
Does 11 divide 74096?
True
Is 661 a factor of 15423580?
False
Is 5 a factor of 59839?
False
Is 82134 a multiple of 13?
True
Is 27329 a multiple of 31?
False
Does 53 divide 2126943?
True
Is 20155 a multiple of 173?
False
Is 271 a factor of 289678?
False
Does 28 divide 77868?
True
Does 10 divide 187581?
False
Is 20 a factor of 360656?
False
Is 169847 a multiple of 103?
True
Is 166 a factor of 1529856?
True
Does 11 divide 7274356?
False
Is 253 a factor of 497037?
False
Does 830 divide 9166520?
True
Does 971 divide 956435?
True
Is 9 a factor of 8767855?
False
Does 17 divide 764395?
False
Is 3322976 a multiple of 32?
True
Is 896317 a multiple of 59?
False
Does 19 divide 2196?
False
Is 57 a factor of 715147?
False
Does 10 divide 51875?
False
Is 1655590 even?
True
Is 120741 a multiple of 150?
False
Is 227634 a multiple of 59?
False
Does 40 divide 7064120?
True
Does 12 divide 1012255?
False
Is 7000425 a multiple of 2025?
True
Is 77 a factor of 27566?
True
Is 171126 a multiple of 18?
True
Is 94 a factor of 70124?
True
Does 16 divide 57265?
False
Is 8680 a multiple of 155?
True
Does 58 divide 424154?
True
Does 17 divide 2871020?
False
Does 16 divide 176976?
True
Does 49 divide 6311711?
False
Does 19 divide 4742210?
True
Is 146 a factor of 269127?
False
Does 124 divide 38247?
False
Is 14728196 a multiple of 10?
False
Is 20 a factor of 164200?
True
Does 527 divide 1517561?
False
Is 587 a factor of 5244258?
True
Is 129634 a multiple of 31?
False
Is 66 a factor of 6929538?
True
Is 64314 a multiple of 3?
True
Does 127 divide 15113?
True
Does 854 divide 2329712?
True
Does 66 divide 88374?
True
Is 331415 a multiple of 241?
False
Does 75 divide 13350?
True
Does 111 divide 9211905?
False
Is 26082 a multiple of 162?
True
Does 8 divide 9520?
True
Is 9 a factor of 1652445?
True
Is 127369 a multiple of 80?
False
Is 23 a factor of 548205?
True
Is 9 a factor of 4487780?
False
Is 726907 a multiple of 7?
False
Is 5179647 a multiple of 209?
True
Is 522 a factor of 21299688?
True
Is 1099038 a multiple of 3?
True
Is 120 a factor of 239760?
True
Is 335419 a multiple of 243?
False
Is 1034620 a multiple of 611?
False
Is 45318 a multiple of 273?
True
Is 9 a factor of 83763?
True
Is 16 a factor of 12801415?
False
Does 113 divide 527145?
True
Is 26000 a multiple of 200?
True
Does 877 divide 1811882?
True
Does 1006 divide 113345?
False
Does 13 divide 1343368?
True
Is 18906560 a multiple of 80?
True
Does 82 divide 1007944?
True
Is 17732811 a multiple of 660?
False
Is 28682912 a multiple of 16?
True
Is 61408 a multiple of 404?
True
Is 58432 a multiple of 3?
False
Does 18 divide 517824?
True
Does 9 divide 20447?
False
Does 23 divide 85100?
True
Is 3590574 a multiple of 13?
True
Is 36 a factor of 743661?
False
Is 275 a factor of 7477710?
False
Does 5 divide 1156189?
False
Does 8 divide 18335?
False
Is 2287090 a multiple of 482?
True
Is 38 a factor of 1498492?
True
Is 2 a factor of 420919?
False
Is 1386497 a multiple of 49?
False
Does 334 divide 334000?
True
Is 969 a factor of 375972?
True
Is 78979 a multiple of 9?
False
Is 55580 a multiple of 35?
True
Is 54 a factor of 5629066?
False
Is 33 a factor of 420882?
True
Is 1882184 a multiple of 201?
False
Is 267 a factor of 3589815?
True
Is 68989 a multiple of 7?
False
Is 302464 a multiple of 633?
False
Is 89568 a multiple of 9?
True
Is 2 a factor of 2228?
True
Is 2255288 a multiple of 644?
True
Is 1302862 a multiple of 19?
False
Is 561 a factor of 223671?
False
Is 107 a factor of 3139?
False
Does 181 divide 217381?
True
Does 9 divide 149895?
True
Does 74 divide 5416843?
False
Is 2574 a multiple of 6?
True
Is 307148 a multiple of 124?
True
Is 20 a factor of 96420?
True
Does 82 divide 4192310?
False
Is 2960 a multiple of 74?
True
Is 77 a factor of 26854